t of y(q)?
2
Let g(t) be the second derivative of 0 + 35/2*t**2 - 6*t - 1/20*t**5 + 1/12*t**4 - 1/6*t**3. What is the units digit of g(0)?
5
Let p(l) be the first derivative of 2*l**2 - 13*l - 3. Let r be p(6). Suppose 0 = -2*t + m + 31, 0 = t + 2*m - r - 7. What is the units digit of t?
6
Let n = 1632 - 1134. What is the units digit of n?
8
Let b = 11 - 7. Let r be (-1)/b + (-183)/(-12). What is the units digit of (-72)/(-15) + 3/r?
5
Suppose -w = -3*k + 20, -k - 2 = w + 2. Let c(n) = -n**3 - 9*n**2 - 13*n - 9. What is the tens digit of c(w)?
3
Let x = 15 + -10. Suppose -2*z = -6*d + x*d + 24, -2*d - 4*z = -24. What is the tens digit of d?
1
Let n = 1272 + 667. What is the tens digit of n?
3
Let g(j) = j**3 - 7*j**2 - 9*j + 3. Let f be g(8). What is the units digit of ((-132)/(-3))/4 + f?
6
What is the units digit of (-1 + (-35)/49)/(4/(-602))?
8
Let g be (-17)/(-2)*8/2. Suppose -g = 3*h + 2. Let p = h - -40. What is the units digit of p?
8
Let y = -318 - -790. What is the hundreds digit of y?
4
Suppose 0 = 7*y + 111 - 363. What is the units digit of y?
6
Suppose -l + 0 - 1 = 0. Let x = l - -3. Suppose -x*q + 3*q = 25. What is the units digit of q?
5
Let j = 284 + -26. What is the tens digit of j?
5
Suppose 15 = 2*o + 5. Suppose -2*l - o*k = -164, 3*k = -3*l - 27 + 291. What is the units digit of l?
2
Suppose 3*w - 2*l = 18, -2*w + 4*l = -4 - 16. Let q be (-70)/(-3) - w/(-6). Suppose m + 3*f = q, -2*m + 2*f + 7 = -17. What is the units digit of m?
5
Suppose 0 = -5*h + i - 22, -3*h - i = 4*i + 30. What is the tens digit of -5 - -2 - ((-4 - h) + -42)?
3
Suppose -13*i + 1190 = 5194. Let v = i - -546. What is the hundreds digit of v?
2
Let d = -7409 + 12871. What is the tens digit of d?
6
Let o(w) = 4 + 14*w + 6*w - 16*w. Let j be o(-4). What is the units digit of 28/6 - 4/j?
5
Let s(z) = -2*z**3 - z**2 - 2*z - 1. Let y be s(-1). Suppose y*h - 150 = 7*h. Let l = -7 - h. What is the tens digit of l?
2
Let d = 268 + -158. Suppose -55 - d = -m - c, 316 = 2*m - 5*c. What is the hundreds digit of m?
1
Let n = -31 + 30. What is the units digit of (-2)/n*(-5 - (-212)/8)?
3
Suppose -2*m - 4*y + 3*y = 0, 0 = 5*m - 2*y. Let g(o) = 4*o + 0 - 3 - 4*o**2 - 5*o - 3*o**3 + m*o. What is the tens digit of g(-3)?
4
Let s(i) = 56*i - 31. What is the units digit of s(11)?
5
Suppose 5*i = -f - 45, 119 = -3*f - 0*i + i. Let g = f + 117. What is the tens digit of g?
7
Let c be (-83)/(-3) - 15/(-45). Suppose -b - 5*p = -104, 5*p - c = -3. What is the tens digit of b?
7
Let b = -552 - -1862. What is the tens digit of b?
1
Let y(m) = -m**3 - 27*m**2 - 16*m - 88. What is the tens digit of y(-28)?
4
Let v(c) = -10*c - 3. Let m be 11 + (3 + -6)*1. Let w be (-10)/15 + m/(-6). What is the units digit of v(w)?
7
Suppose -5*c + 11455 = 5*b, -3*c - 1984 = -b + 299. What is the hundreds digit of b?
2
Let z = 112 - -211. What is the tens digit of z?
2
Let d(i) = i**2 + 11*i - 5. Let c be d(-12). Suppose 0 = c*r - 5*r - 94. What is the units digit of r?
7
Let h(j) = -j - 11*j**2 - 3 + 25*j**2 + 2*j**2 + j**3. What is the tens digit of h(-16)?
1
Let p(b) = -b**2 + 16*b + 8. Let z be p(13). Let a = z - 23. What is the tens digit of a?
2
Suppose 3*r + 46 = -3*v + 130, 0 = -2*v - 4*r + 66. Let h(l) = 1 - 2 - v*l - 22*l. What is the units digit of h(-1)?
4
Let c = 28 + -25. Suppose c*r = -2*m - 75, -3*m = -5*r - 30 - 95. What is the tens digit of -95*(-5)/r*-2?
3
Let z(x) = 52 - x**2 - 52 + 5*x. Let b be z(4). Suppose 2*s = b*g + s - 234, 0 = -3*s + 6. What is the units digit of g?
9
Suppose 0 = -5*s + 2*v - 30 - 22, -28 = 3*s - 2*v. What is the tens digit of ((-924)/35)/((s/(-15))/(-4))?
3
Let n be (-28)/(-8)*(-4)/2. Let h = n - -29. What is the tens digit of h?
2
Let s = 205 - 27. Let y = 315 - s. What is the tens digit of y?
3
Suppose 10 = -6*w + 4*w. Let a(d) = -2*d**2 - 9*d + 6. Let y be a(w). What is the tens digit of y - 7/((-14)/30)?
1
Suppose 594 = 12*v - 9*v. Suppose -2*s - 23 = 5*f - 225, -5*f = 3*s - v. What is the units digit of f?
2
Suppose 0 = -44*b + 47*b - 6. Suppose 0 = b*k + k - 4*i + 17, -2*i + 11 = k. What is the units digit of k?
1
Let i(l) = l**3 + 7*l**2 - l - 5. Let g be i(-7). What is the tens digit of (-3848)/(-56) - g/(-7)?
6
Let m(o) = 2*o**2 - 3*o + 68. What is the units digit of m(-12)?
2
Suppose -4*n = l + 8, -7*n + 3*n - 20 = -2*l. Suppose -l = -c + 18. Suppose 3*u + 5 - c = 4*o, 4*u - 2*o = 26. What is the units digit of u?
7
Suppose 15 = -71*u + 76*u. Suppose -92 = u*l - 5*l - 4*r, 3*r - 92 = -2*l. What is the units digit of l?
6
Let j be 20*(2 + (-63)/12). Let k = -26 - j. What is the units digit of k?
9
Let j(t) = -8*t - 3. Let z be j(-12). What is the units digit of z/13 + 10/(-65)?
7
Suppose 5*q + 1 = -5*f - 4, -4*f - 4 = 3*q. Suppose 2 = 2*h - 4, 3*j - 2*h = 138. Suppose l + 3*l - j = q. What is the tens digit of l?
1
Let l be 1/(-2) + 15/6. Let d be -177*(8/(-3) + l). Suppose -d = -4*x - 34. What is the tens digit of x?
2
Let q be 43/3 - (-4)/6. Suppose -4*f = -7*f - q. What is the units digit of ((-2)/f)/((-8)/(-760))?
8
Let p(a) = a - 4. Let t be p(8). Let j be t/(-20) - 744/(-20). Suppose j + 65 = 3*d. What is the units digit of d?
4
Let y(a) = -a**3 + 7*a**2 - 3*a + 17. Let i be y(7). Let c be i/6 - (-52)/(-12). What is the units digit of 4/10 + (-68)/c?
4
Let y(l) = -l**3 + 28*l**2 + 110*l + 29. What is the units digit of y(29)?
8
Suppose 0*l = -3*l + 339. Suppose 353 - l = 6*u. What is the tens digit of u?
4
Let o(y) = -16*y**2 + 4*y + 4. Let z be o(-3). Let u be z/2*(0 + -1). Suppose -u = 27*p - 29*p. What is the tens digit of p?
3
Let w(n) = 13*n**2 + 92*n + 501. What is the hundreds digit of w(-6)?
4
Let w be (-876)/(-14) + (-12)/(-28). Let v be (168/w)/(1/57). Suppose v - 42 = 5*x. What is the tens digit of x?
2
Suppose -4*d = -5*a + 19785, -11192 = -4*a + d + 4625. What is the thousands digit of a?
3
Let p = 10 - 5. Suppose -5*q - p + 0 = 0, 4*c + q = 203. What is the tens digit of c?
5
Let s be 3/(-5) - 515/(-25). Suppose 0*k - s = 4*k. What is the units digit of 1/k + (-213)/(-15)?
4
Let x(o) = 157*o**2 - 2*o - 1. Suppose -4*g - 8 = -0*s - s, -5*s = 2*g - 18. What is the units digit of x(g)?
8
What is the hundreds digit of (112/84)/((-8)/(-3546))?
5
Suppose o = 3 + 3. Let v(q) = -q**2 + 15*q + 34. Let f be v(17). Suppose -o = -k - f*k. What is the units digit of k?
6
Let l(h) = -5*h - 1. Let a be l(-1). Suppose 0*o = -o + a. Suppose -127 = -o*f - 39. What is the tens digit of f?
2
Let r = -31 + 36. Suppose r*q + 0*q - 45 = 0. Suppose 5*g - 39 = -q. What is the units digit of g?
6
Suppose p + f - 628 = 0, -7*f = -4*p - 4*f + 2533. What is the hundreds digit of p?
6
Let w(r) = 2*r**3 + r - 8. Let q = -68 - -71. What is the units digit of w(q)?
9
Let i(y) = -42*y - 2. Let u(j) = -125*j - 5. Let b(r) = -8*i(r) + 3*u(r). What is the tens digit of b(-2)?
7
Suppose 0 = 34*g - 24361 - 56831. What is the thousands digit of g?
2
Let v = -1 - 0. Let i = -12 - -17. What is the units digit of (-2 + v)/(i/(-20))?
2
Suppose 20*v - 67*v = -112330. What is the thousands digit of v?
2
Suppose -4*y + 2360 = -20*l + 17*l, -1190 = -2*y + 4*l. What is the hundreds digit of y?
5
Let s(o) = -11*o**3 + 2*o**2 - o - 2. Let p be 4/14 - 9/7. What is the units digit of s(p)?
2
Let q = -1825 + 2745. What is the units digit of q?
0
Suppose 70 = 2*k + 3*k. Let x be (k/(-35))/(2/(-10)). What is the units digit of (2 - 1)/(x/16)?
8
Let a(v) be the first derivative of -8*v**2 + v - 1. Let z be 0 - (-1 + 5 + 6 + -9). What is the tens digit of a(z)?
1
What is the tens digit of 78/15*(1 + 119)?
2
Let m(p) = p**2 - 5*p + 12. Suppose -204 = -6*z - 60. Suppose -q - 3*q = -z. What is the units digit of m(q)?
8
Suppose -5*l - 3*q + 15190 = -3342, -5 = 5*q. What is the tens digit of l?
0
Suppose t - 9 = -6. Suppose -3 - 9 = -t*u. Suppose 3*s + 106 = u*g, 2*g + s - 30 - 28 = 0. What is the units digit of g?
8
Suppose 48*m = 50*m + 28. Let g(a) = -a**3 - 13*a**2 + 10*a - 17. What is the units digit of g(m)?
9
Let z(s) = 69*s - 21. What is the tens digit of z(4)?
5
Let s(n) = 4*n**2 + 17*n + 80. What is the units digit of s(-11)?
7
Let f = -2051 + 2528. What is the units digit of f?
7
Suppose 0 = 5*t - 1839 + 139. What is the tens digit of t?
4
Let i(g) = 92*g - 371. What is 